e units digit of f?
9
Suppose -5*m - 10*m = -4230. What is the units digit of m?
2
Suppose 5*k + 12*k = 34. Suppose -k*x - 112 = -496. What is the hundreds digit of x?
1
Suppose 4*n = -d + 7*n - 56, 0 = 3*d + 5*n + 168. Let w = d - -143. What is the tens digit of w?
8
Let x(n) = n**3 - 15*n**2 + 33*n + 38. What is the hundreds digit of x(16)?
8
Suppose 5*p - 475 = -400. What is the tens digit of p?
1
What is the units digit of 1686*((-3)/1 + (-21)/(-6))?
3
Suppose -9*r = -10*r + 3. Suppose -3*i + 321 = -0*y + r*y, -2*y = 3*i - 216. What is the tens digit of y?
0
Suppose -2*x - 34*h + 1098 = -30*h, 4*h + 1066 = 2*x. What is the tens digit of x?
4
What is the units digit of (602/(-215))/((-2)/685)?
9
What is the tens digit of 13/((-104)/40) - -50?
4
Suppose -7 = 4*p - 3*m, 2 = -3*p + 2*m - 2. Suppose -13 = -q - l, 8 = 4*q + p*l - 48. What is the units digit of q?
5
Let y(f) = -2*f - 22. Let o = 3 - 37. Let h = o + 22. What is the units digit of y(h)?
2
Suppose d + 2*i = 15, -5*i - 47 = -19*d + 15*d. Let y = -4 + 27. Let w = y - d. What is the tens digit of w?
1
Let n = 125 + -75. Suppose -g = 4*u - n, 2*g - 76 - 59 = -u. What is the tens digit of g?
7
What is the units digit of (6 + -16 - 87)/((-1)/2)?
4
Let m(z) = 171*z + 58. What is the units digit of m(4)?
2
Let d(b) = -3*b**2 + 19*b - 5. What is the units digit of d(6)?
1
Let l(f) = -2*f**2 - 14*f + 5. Let n be l(-7). Suppose -5*o + 2 = n*s - 13, -2*o = s. Suppose b = s + 27. What is the tens digit of b?
3
Let d = 411 + -117. Let z = d - 97. What is the units digit of z?
7
Let r(k) = -k**3 - 7*k**2 - 6*k + 3. Let z be r(-6). Suppose 3*n - 168 = -2*a - n, 392 = 5*a + z*n. What is the units digit of a?
6
Let c = -38 - -59. Suppose 0 = -15*g + c*g - 132. What is the tens digit of g?
2
Suppose 2*b + 16 = 6*b. Suppose -6*r = -b*r - 4. Suppose r*h + 9 = 3*h. What is the units digit of h?
9
Suppose -865 = 26*b - 31*b. What is the tens digit of b?
7
Let u(m) = -m**3 - 15*m**2 + 50*m + 51. What is the hundreds digit of u(-20)?
0
Let r(m) = -m**3 + 8*m**2 + 8*m + 11. Let z be r(9). Suppose 3*j - 1 = z. What is the units digit of -1*(-2 + (j - 0))?
1
Suppose 3*s = 5*s + 110. Let j be 10/s + 68/11. Let a(t) = t**3 - 4*t**2 - 8*t + 10. What is the units digit of a(j)?
4
Let n(a) be the second derivative of -19*a**5/120 - a**4/8 + 7*a**3/6 - 9*a. Let w(l) be the second derivative of n(l). What is the units digit of w(-1)?
6
Let u(a) = -a - 12. Let j be u(-6). Let d be (1 - 1) + 0 + j. What is the tens digit of 130/4 + 3/d?
3
Let k(m) = 4*m - 10. Let s be k(3). Suppose -s*v - h + 532 = 0, -2*v + 0*h = -h - 540. What is the units digit of v?
8
Let r be 57*(3 - 30/9). Let z = 8 + r. Let f = z + 28. What is the tens digit of f?
1
Let y(a) = 90*a**2. Let n be y(1). Suppose 4*x = -x + n. What is the units digit of (-15)/2*(-48)/x?
0
Let x(t) = 36*t**2 - 15*t + 17. What is the units digit of x(-3)?
6
Suppose -9498 = -4*o + 2*t, t + 13235 = 4*o + 3732. What is the units digit of o?
7
Let u be (-3)/(-3 + 6) - -4. Suppose u*w + 0*w = 9. Suppose 19 = h - w. What is the units digit of h?
2
Let b = 1544 + -965. What is the units digit of b?
9
Let z be (-40)/6*24/(-10). Suppose 110 = 2*r - 4*l, -36 - z = -r + 5*l. What is the units digit of r?
7
Let n(b) = b**2 + 15*b - 3. Let i(c) = -c + 1. Let y(m) = -2*i(m) - n(m). Suppose -2*k + 2*d - 28 = -4, 0 = 3*d - 6. What is the units digit of y(k)?
1
Let t(b) = b**2 + 3*b + 4. Let h be t(-3). Suppose 5*w - 3 = h*w + l, 0 = -5*w - l + 9. What is the units digit of w?
2
Suppose 5*v = 2*i - 198, 5*i - 5*v = -8*v + 495. Let p(f) = -21*f - 3. Let c be p(-4). Suppose -t = 3*w + 2*t - c, 3*t + i = 3*w. What is the tens digit of w?
3
Suppose 5*h + 919 + 8586 = 5*g, -g = 3*h - 1905. What is the tens digit of g?
0
Suppose 7*h - 16 = 3*h + 3*o, -2*o = h - 4. Suppose h*q + 5 = 613. What is the tens digit of q?
5
Suppose -3*o = 4*z - 19, z = 3*o - o - 20. What is the units digit of (-1 + 2)*-1 + o?
8
Suppose 0*h - 61 = -2*h + p, 5*h + 3*p = 169. Suppose -4*l - h = 4*k, 4*l - 3*l = 1. Let s = 33 + k. What is the tens digit of s?
2
Let w = 35 + -39. Let j(a) = -2*a**2 + 2 + 4*a**2 - 3*a + 4*a. What is the tens digit of j(w)?
3
Let m(z) = -43*z**2 - 7*z + 7. Let p(d) = -11*d**2 - 2*d + 2. Let k(j) = 2*m(j) - 9*p(j). Let q be k(2). Suppose 9*x = 7*x + q. What is the units digit of x?
8
Let p(l) = 138*l - 136. Let h be p(1). Suppose 3*t - 62 = 88. Suppose h*q = q + t. What is the tens digit of q?
5
What is the hundreds digit of (0 - 3)*22/33 - -106?
1
What is the units digit of 76/6*3600/40?
0
Let g(c) = c**2 + 8*c - 3. Let s be -13 - 4/(-3)*3. Let o be g(s). What is the tens digit of 2/o*(231 - 9)?
7
Let d be -363*(-4)/6 - 1. Suppose 0 = -5*f + 981 - d. What is the units digit of f?
8
Let v = 0 - -4. Suppose -5*w + 5*d = 18 + 47, 2*w = -v*d - 20. What is the units digit of 6/9 - 328/w?
8
Suppose 195*d = 194*d + 576. What is the tens digit of d?
7
Let p(c) = -c + 10. Let y be p(7). Suppose 0*x - y*x = -9. Suppose g + 2*g = 3, 0 = -4*m - x*g + 27. What is the units digit of m?
6
Let a be (-752)/(-32)*(23 + -1). Suppose -5*u = -a - 813. What is the units digit of u?
6
Let h(b) = -2*b**2 + 9*b - 16. Let g be h(7). Let p = 109 + g. What is the units digit of p?
8
What is the thousands digit of ((-13448)/12)/((-3)/(-27)*-6)?
1
Suppose b - 5*c = 1454 - 93, 6851 = 5*b - 2*c. What is the units digit of b?
1
Let y(p) = -p**3 - p**2 - 2*p + 561. What is the tens digit of y(0)?
6
Suppose z - 9 = 4*z. Let o(q) = q**3 + 11*q**2 - 22*q - 5. Let u be o(-13). What is the tens digit of 76/z*u/38?
3
Suppose -3*w + 3*c + 3 = 12, w = 3*c - 9. Suppose -2*n + 4*q + 22 = w, -2*n - q + 6 = -6. What is the units digit of n?
7
Suppose -45*t + 86*t = 148543. What is the thousands digit of t?
3
Suppose 10*k - 1237 = -57. What is the tens digit of k?
1
Let a = -20 + 27. Let v(m) = -7*m**3 + 7*m**3 - m**3 + a. What is the units digit of v(0)?
7
Let h(w) = w**2 - 3 + 2*w - 2*w. Suppose -15 = -4*m + i, m = 2*m + 3*i - 7. What is the units digit of h(m)?
3
Suppose 0*b = 6*b - 2610. Suppose 7*o - b = -85. What is the tens digit of o?
5
What is the tens digit of (132/(-88))/((-9)/35364)?
9
Let g be (-19)/(-3) + (-20)/60. What is the units digit of g/21 + 808/14 + 0?
8
Let n = 7 - 3. Suppose 5*a = n*u + 4*a - 12, u + 2*a = -6. What is the tens digit of u/6 - (-236)/12?
2
Suppose 0 = -5*m + 4*d - 5*d + 16, d + 24 = 5*m. Let g = 5 + m. Let u = g + -5. What is the units digit of u?
4
Let b be 0/6 + -1*19. Let p = -91 - -54. Let w = b - p. What is the tens digit of w?
1
Suppose 3*g + 6 = 0, -2*g - 2*g - 100 = -4*y. Let w = 111 - y. What is the tens digit of w?
8
What is the tens digit of 2911 + (0 - 4*3/3)?
0
Let o = -5 - -8. Suppose 4*z - n = -4*n + 44, 0 = -o*z - n + 38. Let x = z + -9. What is the units digit of x?
5
Let r(w) = -7*w**3 + 7*w**2 + 9*w + 20. Let b(x) = -15*x**3 + 14*x**2 + 18*x + 41. Let z(u) = -6*b(u) + 13*r(u). What is the units digit of z(-5)?
9
Let a = 13 + -5. Let t(i) be the third derivative of i**5/30 - 13*i**4/24 + 5*i**3/3 - 2*i**2 + 25. What is the tens digit of t(a)?
3
Suppose -5*i + 2*o + o = 57, -i + o - 13 = 0. Let r(h) = -h**3 + 6*h**2 - 4*h - 6. Let v be r(6). Let f = i - v. What is the tens digit of f?
2
Let t(g) = 76*g - 71. Let h be t(3). Let c be ((-48)/(-10))/(2/45). Suppose 5*o - c = h. What is the units digit of o?
3
Let t(l) = 15*l**2 - 42*l + 5. What is the units digit of t(5)?
0
Suppose 0 = 3*i - w + 4*w - 594, 4*w + 20 = 0. What is the hundreds digit of i?
2
Let s = -30 + 44. Let p(u) = -u**3 + s - 43*u**2 - 3 + 51*u**2. What is the tens digit of p(8)?
1
Let j(n) = -n - 4. Let s(l) = -l - 4. Let y(w) = 3*j(w) - 4*s(w). What is the units digit of y(6)?
0
Let s be 1 + 1 - (1 + 53). Let a be (-9)/12*20/(-5). What is the tens digit of a/(-2)*s/3?
2
Let x(z) = z + 15. Let q be x(-15). What is the units digit of 67*(4 + q + -3)?
7
Let m = -2865 - -3584. What is the tens digit of m?
1
Suppose -q + 479 = 2*p, 3*q - p = 858 + 600. Suppose -5*s + 0*s + v = -q, s + 4*v = 76. What is the units digit of s?
6
Let f(s) = s**2 - 13*s + 14. Let t be f(6). Let l be (-10)/(-35) - 108/(-14). What is the units digit of (-98)/(7/(t/l))?
9
Let z(s) = -4*s**3 - 10*s**2 - 8*s + 14. What is the units digit o